{"id":5,"date":"2019-04-01T12:50:46","date_gmt":"2019-04-01T12:50:46","guid":{"rendered":"http:\/\/larpcom.gflr.de\/?page_id=5"},"modified":"2022-05-03T08:40:37","modified_gmt":"2022-05-03T08:40:37","slug":"willkommen","status":"publish","type":"page","link":"https:\/\/larpcom.gflr.de\/","title":{"rendered":"Willkommen"},"content":{"rendered":"\n<p>\u2026auf der Seite der LARPcom <\/p>\n\n\n\n<p><strong>Was ist die LARPcom?  <\/strong><br>Die LARPcom ist eine Fachtagung und Fortbildung zum Thema Live-Rollenspiel. Die erste LARPcom fand im Februar 2017, die zweite im April 2018 statt. Im Januar 2020 haben wir erfolgreich die dritte Runde mit der <strong>LARPcom 2020<\/strong> hinter uns gebracht. <\/p>\n\n\n\n<p>Alle Inhalte der LARPcom, Vortr\u00e4ge, Handouts etc findet ihr hier zum Anschauen und Herunterladen:<a rel=\"noreferrer noopener\" aria-label=\" (\u00f6ffnet in neuem Tab)\" href=\"https:\/\/www.gflr.de\/veranstaltungen\/fachtagungen\/larpcom-2017\/\" target=\"_blank\">https:\/\/www.gflr.de\/veranstaltungen\/fachtagungen\/larpcom-2017\/<\/a><\/p>\n\n\n\n<p><\/p>\n\n\n\n<p><strong>Was ist das Ziel der LARPcom?  <\/strong><br>Die LARPcom soll Veranstalter*innen von Live-Rollenspielen wie LARP-Orgas und LARP-Vereinen eine fachliche Weiterentwicklung erm\u00f6glichen. Dazu besch\u00e4ftigen sich die Teilnehmer*innen der LARPcom ein Wochenende lang in Vortr\u00e4gen, Diskussionen, Seminaren und einem Best-Practice-Austausch mit den unterschiedlichen Aspekten und Mechanismen des Live-Rollenspiels. Es geht um die theoretischen Grundlagen von LARP \u2013 jedoch immer mit der R\u00fcckkopplung in die Praxis und dem Nutzen des Wissens f\u00fcr die Arbeit vor Ort.  Zus\u00e4tzlich soll jede Orga\/jeder Verein die M\u00f6glichkeit haben, \u00fcber den Tellerrand des eigenen LARPs hinauszuschauen und sich mit anderen Veranstalter*innen zu Problemen und m\u00f6glichen L\u00f6sungen auszutauschen. Dabei bietet sich die Chance, das eigene Netzwerk zu erweitern und die Synergie-Effekte dieses Netzwerks zu nutzen. <\/p>\n\n\n\n<p><strong>An wen richtet sich die LARPcom?<\/strong>  <br>Die LARPcom richtet sich haupts\u00e4chlich an LARP-Orgas und -Vereine, die LARPs veranstalten oder das in Zukunft tun wollen. Aber auch LARPer*innen, die keine eigenen Veranstaltungen machen, sich aber auf einer theoretischen Ebene f\u00fcr das Thema LARP interessieren, sind herzlich eingeladen teilzunehmen.  Die LARPcom ist allerdings keine Veranstaltung f\u00fcr LARP-Neulinge. <\/p>\n\n\n\n<p><strong>Sonstiges?  <\/strong><br>Nat\u00fcrlich wird es auf der LARPcom auch Gelegenheit zum gem\u00fctlichen Beisammensein und zum privaten Austausch geben \u2013 dies bildet jedoch nicht den Schwerpunkt der Veranstaltung. Die Fachlichkeit steht an diesem Wochenende im Vordergrund. <\/p>\n","protected":false},"excerpt":{"rendered":"<p>\u2026auf der Seite der LARPcom Was ist die LARPcom? Die LARPcom ist eine Fachtagung und Fortbildung zum Thema Live-Rollenspiel. Die erste LARPcom fand im Februar 2017, die zweite im April 2018 statt. Im Januar 2020 haben wir erfolgreich die dritte Runde mit der LARPcom 2020 hinter uns gebracht. Alle Inhalte der LARPcom, Vortr\u00e4ge, Handouts etc [&hellip;]<\/p>\n","protected":false},"author":1,"featured_media":0,"parent":0,"menu_order":0,"comment_status":"closed","ping_status":"closed","template":"","meta":[],"_links":{"self":[{"href":"https:\/\/larpcom.gflr.de\/index.php?rest_route=\/wp\/v2\/pages\/5"}],"collection":[{"href":"https:\/\/larpcom.gflr.de\/index.php?rest_route=\/wp\/v2\/pages"}],"about":[{"href":"https:\/\/larpcom.gflr.de\/index.php?rest_route=\/wp\/v2\/types\/page"}],"author":[{"embeddable":true,"href":"https:\/\/larpcom.gflr.de\/index.php?rest_route=\/wp\/v2\/users\/1"}],"replies":[{"embeddable":true,"href":"https:\/\/larpcom.gflr.de\/index.php?rest_route=%2Fwp%2Fv2%2Fcomments&post=5"}],"version-history":[{"count":7,"href":"https:\/\/larpcom.gflr.de\/index.php?rest_route=\/wp\/v2\/pages\/5\/revisions"}],"predecessor-version":[{"id":170,"href":"https:\/\/larpcom.gflr.de\/index.php?rest_route=\/wp\/v2\/pages\/5\/revisions\/170"}],"wp:attachment":[{"href":"https:\/\/larpcom.gflr.de\/index.php?rest_route=%2Fwp%2Fv2%2Fmedia&parent=5"}],"curies":[{"name":"wp","href":"https:\/\/api.w.org\/{rel}","templated":true}]}}